
Suppose 25 = 16*r + 73. Let d(u) = -u**2 - 3*u - 5. Give d(r).
-5
Let i(g) = g**2 - 6*g + 7. Suppose 3*j = 3*z - 30, -4*z + j - 2*j = -15. Determine i(z).
2
Let y(w) be the second derivative of 2*w + 13/2*w**2 + 1/6*w**3 + 0. Give y(-10).
3
Suppose 0 = -2*a - v + 7, -20 = -6*a + 5*a + 5*v. Let g(k) = -2*k + 10. Determine g(a).
0
Let j(a) be the third derivative of a**5/20 - a**4/4 + a**3 + 742*a**2. Calculate j(2).
6
Let n(c) = -2*c - 2. Let q = 4 + 0. Suppose -q*v + 15 = v. Suppose 3*b - v = 4*b. Calculate n(b).
4
Let b(d) = -d + 8. Let c(m) = -4*m**3 + m. Let i be c(1). Let r = 5 - i. Determine b(r).
0
Let o be (-1 + -2)*(-16)/6. Let m(i) be the third derivative of -i**6/120 + 3*i**5/20 - i**4/3 + i**3/2 + 1882*i**2. Calculate m(o).
3
Suppose -10*u + 61 = -9. Let c(x) = -3*x**2 - 4 - 2*x**2 - 1 + 10*x + 4*x**2. What is c(u)?
16
Let v(t) = t**3 - 12*t**2 - 3*t + 15. Suppose 12*x = -7*x + 228. Give v(x).
-21
Let a(q) = 2*q**3 - 3*q - 1. Let y(g) = g**2 + 11*g - 27. Let p be y(-14). Suppose 2*x = -4*m - 22, -4*x + x - m - 48 = 0. Let i = p + x. Calculate a(i).
-11
Let o(v) be the third derivative of -v**6/120 + v**5/6 - v**4/24 + 3*v**3/2 + 3*v**2 + 6. Determine o(10).
-1
Let h(p) be the second derivative of p**7/2520 - p**6/144 - 7*p**5/120 + p**4 - 6*p. Let m(f) be the third derivative of h(f). Give m(6).
-1
Let m(d) = d**2 - d + 2. Let g(z) = z**3 - 10*z - 8. Let s be g(-3). What is m(s)?
32
Let l(a) = a**2 - a + 2. Suppose -2*u + u = 3*t - 53, 5*t - 2*u = 103. Suppose m + 6 = 2*c, -t + 5 = 2*m - 5*c. Give l(m).
8
Let b be (2 - 3)/((-2)/6). Suppose -b*t + 15 = -3*n, 4*n + 2 = -2*t - 3*t. Let u(r) = -r - 3 + 6 - t. Give u(-5).
6
Suppose 0 = -u - k - 1, -3*u + 7*u - 4 = -2*k. Suppose -2*q + 12 = 4*a, q - u = -4*a + 3*a. Let i(n) = n + 6. What is i(q)?
6
Let d be (-26)/(-156) + 22/12. Suppose k - 3*g = 11, 0 = 3*k + d*k + 3*g - 19. Let i(r) = -r + 1. What is i(k)?
-4
Let m(z) = z**2 + 2*z. Suppose -2*q = -0*q - 4*l - 26, 31 = 2*q - 5*l. Suppose q*o - 5*j = -11, 2*o = -4*j - j + 26. Give m(o).
15
Let j(v) = 5*v**3 + v**2 + v + 2. Let z = -2638 + 2640. Give j(z).
48
Suppose -2*x - 3*n - 3 = -28, 0 = 5*n - 15. Let i(a) be the first derivative of x*a - 1/2*a**2 - 6. Determine i(6).
2
Let f(l) be the second derivative of -l**3/2 - 8*l**2 + 498*l. Give f(-5).
-1
Let z(h) = h**2 + 4*h - 3. Let i be z(-5). Let f(c) be the first derivative of 4 + c - 2*c + 3*c**i - 4*c**2. Calculate f(-5).
9
Let w(g) = 6 - g - 3 + 18 - 5. Determine w(7).
9
Let u(a) be the third derivative of a**4/12 - 7*a**3/6 - 5*a**2. Let p(z) = -z**2 + 8*z - 10. Let x be p(4). Give u(x).
5
Let h(x) = -6*x**2 - 3*x - 6. Let q(t) = -5*t**2 - 3*t - 6. Let p(m) = 6*h(m) - 7*q(m). Let d(i) = i + 1. Let f(o) = 3*d(o) + p(o). Determine f(7).
2
Let r(w) = -w**2 - 6*w + 11. Let o(d) = d**2 + 5*d - 10. Let a(n) = 7*o(n) + 6*r(n). Let z(u) = u**2 - 6*u + 8. Let c be z(5). Suppose -2*q = c*q. Give a(q).
-4
Let r(s) = -7*s - 5. Let m(z) be the second derivative of z**3/6 + z**2/2 + 4*z. Let a(g) = 6*m(g) + r(g). Let c = -8 - -9. Calculate a(c).
0
Let d(a) = a**2 + 7*a - 14. Let g be d(-8). Let r(u) = u + 8. Let k be r(g). Let s(m) = -2*m**3 + 2*m - 1. Give s(k).
-13
Let g(d) = -d**3 + 11*d**2 - 11*d + 13. Let y be g(10). Let u(q) = -8*q. Let n(s) = -s - 1. Let a(i) = 4*n(i) - u(i). Calculate a(y).
8
Let x(y) be the first derivative of -8*y + 1/3*y**3 + 1/2*y**2 + 7. Calculate x(0).
-8
Let x(w) = w**3 + 2*w**2 - 8*w + 9. Let i(z) = -2*z**3 - 3*z**2 + 15*z - 16. Let b(p) = 6*i(p) + 11*x(p). Determine b(5).
-12
Suppose 30 = -17*z + 23*z. Let c(n) be the third derivative of n**2 + 1/4*n**4 - 5/6*n**3 + 0*n + 0 - 1/60*n**z. Determine c(5).
0
Let v(m) = 15 + 28*m - 10*m**2 - 26*m + 3 + 4 + m**3 - 36. What is v(10)?
6
Let j(r) = -r**2 - 2 - 6*r + 8*r + 5*r. Let u = 103 + -98. Determine j(u).
8
Let z(y) = -y - 9. Let i = -84 - -78. What is z(i)?
-3
Suppose 0 = -4*v - m, 5*v - 4*m - m - 25 = 0. Let j(f) = -1 + 1 - f - f**2 + v + 7*f. Let u be j(6). Let g(c) = -9*c**2 + c. Calculate g(u).
-8
Let d be 128/22 + -6 + (-84)/22. Let h(n) = n**2 + 2*n - 2. What is h(d)?
6
Let z(i) = 1 + 4*i**2 + 10*i**3 - 2*i**2 - 3*i**2 - i + 2*i**2. What is z(1)?
11
Suppose 2*z + 5*k - 11 = 0, -33*z = -28*z - 4*k - 11. Let n(y) be the third derivative of -y**6/120 + y**5/15 - y**4/8 - 11*y**2. What is n(z)?
0
Suppose -13 = 3*x + 8. Let i = x + 9. Let y(s) = 4*s**i + 3*s + 1 + 3 + s**3 + 0. Calculate y(-4).
-8
Let k(w) = w + 16. Let t = -6 + -6. Let c be k(t). Let o(g) = g**3 + 5*g**2 - 8. Let q(u) = -u**3 - u**2 + u + 1. Let s(z) = -o(z) - 2*q(z). Give s(c).
14
Let q(j) be the second derivative of -j**5/20 + 13*j**4/12 - j**3/6 + 4*j**2 - 60*j + 1. Calculate q(13).
-5
Let t(p) = 7*p - 3. Let v(q) = 10*q - 4. Let m(h) = 7*t(h) - 5*v(h). Let w(i) = 3*i + 6. Let d be w(8). Suppose -4*g - d = -2. Give m(g).
6
Let f(k) be the first derivative of -1/2*k**2 + 6*k + 11 + 7/3*k**3 - 1/4*k**4. Calculate f(7).
-1
Let z(m) = -m**3 + 2*m**2 - 9*m + 9. Let p be z(4). Let i = p - -63. Let g(r) = -r**2 + 3*r + 4. Calculate g(i).
0
Let y(b) = -2*b**2 - 5*b + 3. Let m(u) = 7*u**2 + 15*u - 9. Let o(d) = -3*m(d) - 10*y(d). Let z = 1 - 1. Suppose 5*w - 22 - 3 = z. What is o(w)?
-3
Let t be (-66)/(-99)*6/(-4). Let h(a) = -2*a + 1. Calculate h(t).
3
Let m(r) = -2*r + 4. Suppose 5*p + 25 = -10. Suppose -5*v + 0*b + b = -64, 2*v = -2*b + 16. Let l = p + v. Calculate m(l).
-6
Let g(o) = o**2 + 8*o - 3. Suppose 170*x - 163*x = -42. Calculate g(x).
-15
Let i(x) be the second derivative of -3*x**5/10 - x**4/6 - x**3/6 - 2*x. Suppose 5*z + 25 = 2*v - 7*v, 2*v = -3*z - 14. Calculate i(v).
5
Suppose 0 = -w - w + 16. Let q(z) be the first derivative of z**4/4 - 3*z**3 + 5*z**2 - 10*z + 71. Calculate q(w).
6
Let t(w) = 2*w**2 + 6 + 0*w + w**2 + 4*w. Let c(s) = s**2 + 2*s + 3. Let l(o) = -7*c(o) + 3*t(o). Suppose 1 = i - 2. What is l(i)?
9
Let i(f) = -2*f + 1. Let p be i(-1). Let y be (-2 - 1)/(p/(-3)). Suppose y*t - 5*k = 23, 5*t - 4*k = -5*k + 29. Let r(z) = 2*z - 3. Calculate r(t).
9
Let o = -1116 - -1098. Let l(p) = p**3 + 18*p**2 - 23. Determine l(o).
-23
Let w(f) be the first derivative of f**2/2 + 4*f - 16. Give w(6).
10
Let c(q) = q**2 + 6*q - 2. Let o(w) = -2*w**2 + 20*w + 15. Let j be o(11). Calculate c(j).
5
Let n be (-362)/(-10) + (-2)/10. Let t = n - 40. Let y(j) = j**2 + 8*j + 5. Calculate y(t).
-11
Let l be 68/(-17) + 2*6. Let q(k) = l + k**3 - k + 13 - 21. What is q(0)?
0
Let w(y) be the second derivative of 0 + 29*y + 6*y**2 + 1/6*y**3. Calculate w(-5).
7
Let d(q) = -q**3 - 4*q**2 - 3*q - 3. Let a(y) = -8*y**2 + 2*y + 6. Let p be a(-1). Give d(p).
9
Let z(q) = -5*q - 12. Let w(p) = -8*p - 13. Let l(s) = -3*w(s) + 4*z(s). Calculate l(8).
23
Let p(s) = s**2 + 7*s + 3. Let a be (3 - 6) + 2 - -17. Suppose a*m + 90 = 11*m. Let o be (0 - -1) + m/3. Determine p(o).
-7
Let o(k) = -2*k**3 - 4*k**2 - 3*k - 2. Let i(b) = -b**2 + 4*b - 6. Let a be i(2). What is o(a)?
4
Let t(l) be the second derivative of -l**5/20 + 5*l**4/12 - l**3/3 + 7*l**2/2 + 2*l. Let j(r) = 3*r**2 + r - 1. Let h be j(-2). Let s = h + -4. Calculate t(s).
-3
Let k(d) = d**2 + d + 1. Suppose -5*z - 10 = -10*z. Suppose -4*q + 16 = z*x, -5*x + 0*q + 2*q = 20. Determine k(x).
3
Let r(s) = -10*s + 1. Let p = -26 + 20. Let f(d) = d**3 + 5*d**2 - 8*d - 13. Let h be f(p). Determine r(h).
11
Suppose 2*s - m = 1 + 2, -4*s - 3*m = -31. Suppose -8 = s*n + 12. Let k(r) = -1 + 6*r + 3*r**2 - 7*r**2 - r**3 + 5 - 2. Give k(n).
-3
Let k = 768 - 757. Let v(x) = -x**2 + 10*x + 6. Calculate v(k).
-5
Suppose -12 = -3*h - 4*q - 5, -2*h = -q - 23. Suppose 0*m + h*m = -54. Let w(g) = g**2 + 6*g + 7. Calculate w(m).
7
Let i(g) = g**3 - 21*g**2 - 23*g + 27. Let h be i(22). Let c(o) = -o**3 + 5*o**2 - 3. Calculate c(h).
-3
Let q(d) = -21*d + 8. Let r(j) = -22*j + 7. Let w(z) = 6*q(z) - 7*r(z). Determine w(-1).
-29
Let h(o) = o**2 + 9*o + 8. Let m be ((-8)/(-5))/(106/(-265)). Give h(m).
-12
Let h(p) = -p**3 - 6*p**2 - 6*p - 7. Let n = -328 - -323. Determine h(n).
-2
Let k(t) = t**2 + t - 2. Let s(l) = -5*l**2 + 2*l + 10. Let o(x) = 4*k(x) + s(x). Calculate o(-4).
-38
Let d(z) = z**3 + 4*z**2 - 2*z. Let k(j) = -1 - 2*j - j - 37*j**3 + 38*j**3 + 3*j**2. Let q(l) = -2*d(l) + 3*k(l). Give q(-3).
-6
Let r(q) be 